rs of 30386?
2, 15193
List the prime factors of 1023.
3, 11, 31
List the prime factors of 829.
829
What are the prime factors of 1803?
3, 601
List the prime factors of 18260.
2, 5, 11, 83
List the prime factors of 676.
2, 13
List the prime factors of 5809.
37, 157
List the prime factors of 13252.
2, 3313
List the prime factors of 37821.
3, 7, 1801
List the prime factors of 2841.
3, 947
What are the prime factors of 829?
829
List the prime factors of 3108.
2, 3, 7, 37
What are the prime factors of 10203?
3, 19, 179
What are the prime factors of 1520?
2, 5, 19
What are the prime factors of 7488?
2, 3, 13
List the prime factors of 136.
2, 17
List the prime factors of 1864.
2, 233
List the prime factors of 1846.
2, 13, 71
What are the prime factors of 160357?
160357
What are the prime factors of 2359?
7, 337
What are the prime factors of 125199?
3, 4637
List the prime factors of 114502.
2, 57251
What are the prime factors of 13110?
2, 3, 5, 19, 23
List the prime factors of 9598.
2, 4799
List the prime factors of 3150.
2, 3, 5, 7
What are the prime factors of 88251?
3, 23, 1279
List the prime factors of 147578.
2, 113, 653
List the prime factors of 4553.
29, 157
What are the prime factors of 293?
293
List the prime factors of 22.
2, 11
List the prime factors of 3830.
2, 5, 383
What are the prime factors of 249?
3, 83
What are the prime factors of 26445?
3, 5, 41, 43
List the prime factors of 12146.
2, 6073
What are the prime factors of 5171?
5171
List the prime factors of 1231.
1231
List the prime factors of 118671.
3, 7, 5651
List the prime factors of 1999.
1999
List the prime factors of 1493.
1493
List the prime factors of 13975.
5, 13, 43
List the prime factors of 6725.
5, 269
List the prime factors of 17896.
2, 2237
What are the prime factors of 114611?
7, 2339
List the prime factors of 4649.
4649
What are the prime factors of 113792?
2, 7, 127
What are the prime factors of 2730?
2, 3, 5, 7, 13
List the prime factors of 14077.
7, 2011
List the prime factors of 2075.
5, 83
What are the prime factors of 115?
5, 23
What are the prime factors of 21401?
21401
What are the prime factors of 118659?
3, 37, 1069
List the prime factors of 422.
2, 211
List the prime factors of 5453.
7, 19, 41
What are the prime factors of 1970?
2, 5, 197
What are the prime factors of 13436?
2, 3359
What are the prime factors of 29843?
11, 2713
List the prime factors of 510.
2, 3, 5, 17
List the prime factors of 3020.
2, 5, 151
List the prime factors of 14183.
13, 1091
List the prime factors of 79223.
227, 349
List the prime factors of 5715.
3, 5, 127
List the prime factors of 1105.
5, 13, 17
What are the prime factors of 165?
3, 5, 11
List the prime factors of 31780.
2, 5, 7, 227
List the prime factors of 19513.
13, 19, 79
List the prime factors of 57917.
57917
What are the prime factors of 13699?
7, 19, 103
What are the prime factors of 2895?
3, 5, 193
List the prime factors of 39231.
3, 1453
List the prime factors of 1456.
2, 7, 13
What are the prime factors of 2254?
2, 7, 23
List the prime factors of 2019.
3, 673
What are the prime factors of 1443?
3, 13, 37
List the prime factors of 262.
2, 131
What are the prime factors of 443?
443
List the prime factors of 21716.
2, 61, 89
List the prime factors of 104.
2, 13
List the prime factors of 1264.
2, 79
What are the prime factors of 339?
3, 113
What are the prime factors of 1832?
2, 229
What are the prime factors of 223?
223
What are the prime factors of 9136?
2, 571
What are the prime factors of 1560?
2, 3, 5, 13
What are the prime factors of 41472?
2, 3
List the prime factors of 883.
883
List the prime factors of 117053.
117053
What are the prime factors of 47467?
7, 6781
What are the prime factors of 13714?
2, 6857
What are the prime factors of 10735?
5, 19, 113
List the prime factors of 889.
7, 127
List the prime factors of 92873.
11, 8443
List the prime factors of 4436.
2, 1109
What are the prime factors of 130356?
2, 3, 17, 71
What are the prime factors of 807?
3, 269
What are the prime factors of 64093?
107, 599
List the prime factors of 1222.
2, 13, 47
List the prime factors of 145.
5, 29
What are the prime factors of 10928?
2, 683
List the prime factors of 19857.
3, 6619
What are the prime factors of 10231?
13, 787
List the prime factors of 26.
2, 13
List the prime factors of 3697.
3697
List the prime factors of 76096.
2, 29, 41
List the prime factors of 7718.
2, 17, 227
What are the prime factors of 141356?
2, 35339
What are the prime factors of 2339?
2339
List the prime factors of 1685.
5, 337
List the prime factors of 792.
2, 3, 11
What are the prime factors of 972?
2, 3
What are the prime factors of 172437?
3, 229, 251
List the prime factors of 783.
3, 29
List the prime factors of 47166.
2, 3, 7, 1123
List the prime factors of 9654.
2, 3, 1609
What are the prime factors of 36849?
3, 71, 173
List the prime factors of 4192.
2, 131
List the prime factors of 1428.
2, 3, 7, 17
What are the prime factors of 415?
5, 83
List the prime factors of 5734.
2, 47, 61
List the prime factors of 44794.
2, 22397
What are the prime factors of 2221?
2221
List the prime factors of 3206.
2, 7, 229
What are the prime factors of 1266?
2, 3, 211
List the prime factors of 431.
431
What are the prime factors of 1390?
2, 5, 139
What are the prime factors of 750?
2, 3, 5
List the prime factors of 1004.
2, 251
What are the prime factors of 1366?
2, 683
What are the prime factors of 12550?
2, 5, 251
What are the prime factors of 6375?
3, 5, 17
List the prime factors of 1686.
2, 3, 281
List the prime factors of 72905.
5, 7, 2083
What are the prime factors of 59952?
2, 3, 1249
What are the prime factors of 1513?
17, 89
What are the prime factors of 44797?
44797
What are the prime factors of 123?
3, 41
List the prime factors of 982.
2, 491
List the prime factors of 6455.
5, 1291
What are the prime factors of 505?
5, 101
What are the prime factors of 37232?
2, 13, 179
What are the prime factors of 234?
2, 3, 13
List the prime factors of 3135.
3, 5, 11, 19
What are the prime factors of 380?
2, 5, 19
What are the prime factors of 519?
3, 173
What are the prime factors of 78372?
2, 3, 7, 311
What are the prime factors of 249?
3, 83
What are the prime factors of 13456?
2, 29
List the prime factors of 22842.
2, 3, 47
What are the prime factors of 2130?
2, 3, 5, 71
What are the prime factors of 11721?
3, 3907
List the prime factors of 1394.
2, 17, 41
What are the prime factors of 71683?
97, 739
What are the prime factors of 8374?
2, 53, 79
List the prime factors of 38441.
13, 2957
List the prime factors of 26385.
3, 5, 1759
What are the prime factors of 10993?
10993
List the prime factors of 1714.
2, 857
What are the prime factors of 22772?
2, 5693
What are the prime factors of 67395?
3, 5, 4493
What are the prime factors of 9568?
2, 13, 23
List the prime factors of 16034.
2, 8017
What are the prime factors of 544?
2, 17
What are the prime factors of 1700?
2, 5, 17
What are the prime factors of 5?
5
List the prime factors of 65764.
2, 41, 401
What are the prime factors of 2007?
3, 223
List the prime factors of 23215.
5, 4643
What are the prime factors of 32379?
3, 43, 251
What are the prime factors of 8297?
8297
What are the prime factors of 1131?
3, 13, 29
What are the prime factors of 10632?
2, 3, 443
What are the prime factors of 25770?
2, 3, 5, 859
List the prime factors of 8270.
2, 5, 827
List the prime factors of 3165.
3, 5, 211
What are the prime factors of 14288?
2, 19, 47
What are the prime factors of 9085?
5, 23, 79
What are the prime factors of 16745?
5, 17, 197
List the prime factors of 142661.
331, 431
List the prime factors of 183.
3, 61
What are the prime factors of 89968?
2, 5623
What are the prime factors of 2881?
43, 67
What are the prime factors of 813?
3, 271
List the prime factors of 2284.
2, 571
List the prime factors of 6807.
3, 2269
List the prime factors of 2591.
2591
What are the prime factors of 320?
2, 5
List the prime factors of 5978.
2, 7, 61
List the prime factors of 1468.
2, 367
What are the prime factors of 38269?
7, 11, 71
What are the prime factors of 157015?
5, 31, 1013
List the prime factors of 38841.
3, 11, 107
List the prime factors of 233.
233
List the prime factors of 806.
2, 13, 31
What are the prime fac